 of r.
43
Let b(n) = 1152*n**2 - 8*n + 9. What are the prime factors of b(1)?
1153
Let i = 1070 + -648. List the prime factors of i.
2, 211
Let h = 18 + -15. Suppose -3*n + 5 = r, h*r - 20 = n + 15. List the prime factors of r.
11
Suppose 13359 + 5109 = 6*r. What are the prime factors of r?
2, 3, 19
Let s(x) = x**2 - 7*x + 4. Let r be s(7). Suppose r*q = -k + 16, 5 + 75 = 3*k + 4*q. Suppose -2*b + 22 + k = 0. What are the prime factors of b?
3
Suppose -491 = -2*p + 5*v, -4*p + 987 = -4*v - v. Let s = p + -168. List the prime factors of s.
2, 5
Suppose 61*f = 118*f - 277419. List the prime factors of f.
31, 157
Let d(q) = 7 + 4*q - 8 - 9. List the prime factors of d(7).
2, 3
Let d = 7 + -4. Suppose 5*c - 4*o = 0, 3*o = -d*c - 2*c. Suppose c = 4*r - 0*r - 168. What are the prime factors of r?
2, 3, 7
Suppose 40 - 55 = -5*h. Suppose 56 = 5*u + 2*p - 269, h*u - 195 = -p. List the prime factors of u.
5, 13
Suppose 5*n + 3 = 23. Suppose -n*u + 260 = u. List the prime factors of u.
2, 13
Suppose -9*k + 8*k = -9. Suppose 6*p + k*p - 420 = 0. List the prime factors of p.
2, 7
Suppose 0 = -2*s + 319 + 259. What are the prime factors of s?
17
Suppose 0 = -201*j + 199*j + 810. List the prime factors of j.
3, 5
Let j(b) = -12*b - 1. Let k be j(-1). Suppose -3 = 2*z - k. Suppose 3*c = s, -14 = -z*c - 2. List the prime factors of s.
3
Let m(q) = -q**2 - 15*q - 7. Let i be m(-14). Suppose -f - 300 = -i*f. List the prime factors of f.
2, 5
Suppose -13638 - 9960 = -54*g. List the prime factors of g.
19, 23
Suppose -4*z + 8 = -j, -2*j = j. Suppose d - z*d + 6 = 0. Let m = 10 - d. List the prime factors of m.
2
Let i(a) = -a**3 - 5*a**2 - 5*a - 6. Let r be i(-4). List the prime factors of 1/((1/2)/((-73)/r)).
73
Suppose 3*g + 4*t - 186 = 0, 8*t = 3*g + 4*t - 186. Suppose 5*r - 3*v = r + g, -v = 4*r - 70. List the prime factors of r.
17
Suppose 2*b - 31 = 31. Suppose -9 = -5*k + b. What are the prime factors of k?
2
Suppose 0 = 64*y + y - 96265. What are the prime factors of y?
1481
Suppose -4*g = -2*g + 2. Let m(i) = 3*i**2 + i + 1. Let q be m(g). Suppose 3*h + h - 191 = p, q*h - 3*p = 132. What are the prime factors of h?
7
List the prime factors of -5 + (1 + -3 - (-2 + -306)).
7, 43
Let v be (0 + 5)*(-18)/(-15). Let t(h) = -3 - h - h - h**2 - 2*h**2 + v*h**2. List the prime factors of t(-2).
13
Let c(b) = 3*b + 76. What are the prime factors of c(-23)?
7
Suppose -s - 102 = -5*t, 2*t + s = -2*t + 87. Suppose j + 3*j = 5*f + t, f + 3*j = -8. Let q = f - -7. List the prime factors of q.
2
Suppose 75*d = 71*d + 12. Suppose -k + d*m + 135 = 0, 0 = -k - 5*m + 1 + 150. List the prime factors of k.
3, 47
Let q = 495 + -386. What are the prime factors of q?
109
Suppose -5*w = 4*l - 71, -4 = -5*l - 3*w + 88. Let c = -14 + l. Suppose -c*h - 20 = -2*y - y, 2*y + 5*h - 30 = 0. List the prime factors of y.
2, 5
Let o(v) = -6*v - v - v + 21 + v. What are the prime factors of o(-12)?
3, 5, 7
Suppose 5*j - 565 + 95 = 0. Let v = 111 + -170. Let b = v + j. List the prime factors of b.
5, 7
Let p(q) = 460*q**3 - 2*q**2 + 6*q - 5. What are the prime factors of p(1)?
3, 17
What are the prime factors of (-70640)/(-12) - 4/6?
2, 3, 109
Suppose 14*t = -5831 + 14973. List the prime factors of t.
653
Let p = -45 - -90. Suppose 0 = o + 4*m - p, 3*m + 157 + 80 = 4*o. Let i = o + -33. List the prime factors of i.
2, 3
Suppose 10*a - 30*a = -42500. List the prime factors of a.
5, 17
Let u(x) = 5*x + 4*x - 26 + 8*x + x**2 - 5*x. List the prime factors of u(-16).
2, 19
Let j(w) = 8*w**3 - 6*w**2 + 4*w - 10. List the prime factors of j(4).
2, 211
Let y(r) = r**2 - 3*r + 7. Let q(f) = -f - 6. Let j be q(0). What are the prime factors of y(j)?
61
Let t(j) = 5*j**2 + 24*j - 17. What are the prime factors of t(-27)?
2, 5, 149
Suppose -5*j + 7 = -23. What are the prime factors of (15 - 32)/((-2)/j)?
3, 17
Let b = 2531 - -782. List the prime factors of b.
3313
Let o(j) = -j**2 - 2*j + 115. Let m be o(0). Suppose -35 = -5*s - m. Let p(a) = -a**2 - 18*a - 1. What are the prime factors of p(s)?
31
Let r be (0/((-3)/3))/(1*2). Suppose q + q - 228 = r. List the prime factors of q.
2, 3, 19
Let w = -34 + 38. Suppose -3*i = -w*i + 53. What are the prime factors of i?
53
Suppose 0 = -3*k - k - a + 6, -k = -a - 4. Suppose n - 4*n + k*u = -192, -15 = 5*u. What are the prime factors of n?
2, 31
Suppose -235 = 5*p + 545. Let y = p + 455. What are the prime factors of y?
13, 23
Let i be (-4 - 3 - 829) + 3 + 0. What are the prime factors of 5/((-45)/2) + i/(-63)?
13
Suppose 0 = 2*w + 5*o + 280 - 5796, 5*o + 11032 = 4*w. What are the prime factors of w?
2, 7, 197
Let f(r) = -r**2 - 19*r + 10. Suppose -5*l = 4*u - 143, u + l = 2*l + 29. Let i be 9/((-18)/u) - 1. What are the prime factors of f(i)?
2, 11
Let r be 2 + 3 + -12 - -3. Let g be (-3)/2*(2 + r). List the prime factors of (g - 2)/(1/13).
13
Let r(v) be the first derivative of v**4/4 + 3*v**3 - 5*v**2 + 4*v - 7. What are the prime factors of r(-10)?
2
Suppose 4584 = 2064*k - 2062*k. What are the prime factors of k?
2, 3, 191
Let k(r) = 5*r**3 + 5*r**2 - 2*r - 5. Let y be k(4). Suppose 3*l - y - 679 = -4*j, 3*l - 1331 = -5*j. What are the prime factors of j?
5, 53
Let m = -9 + -83. What are the prime factors of (m/(-8))/(3/6)?
23
Suppose -5*l + 40 = 5. List the prime factors of (-2206)/(-14) - (-3)/l.
2, 79
Suppose 0 = -h + 3, 0 = 3*f - f - 2*h - 18. What are the prime factors of f?
2, 3
Let h be (-23)/(12/(-3) + 9/3). List the prime factors of (-68)/(-20) - 3 - h/(-5).
5
List the prime factors of (2/(-3))/((-48)/24264).
337
Let z = 592 - 398. Suppose 2*c - c = z. List the prime factors of c.
2, 97
Suppose -3680 = -5*l + 5*q, 5*q = 4*q. List the prime factors of l.
2, 23
Let o(q) = 5*q - 2 - 7 + 4*q. Let i be o(6). Let c = 74 - i. List the prime factors of c.
29
Let c(l) be the second derivative of -l**5/20 + 2*l**4/3 - l**3/3 - 5*l**2/2 + 11*l. What are the prime factors of c(6)?
5, 11
Let k(o) = o + 4. Let f be 0*(-2)/4*1. Let n be k(f). Suppose n*g - 226 = -3*a, 59 = g - 3*a + 5*a. What are the prime factors of g?
5, 11
Suppose t + 3 = 0, -k + 1893 + 343 = 2*t. What are the prime factors of k?
2, 19, 59
Let k(z) = -z**2 + 10*z - 9. Let t = -2 - -6. Suppose 2*x = -t*s + 2, -s = -5*x + s + 41. List the prime factors of k(x).
2, 3
Suppose 5*j = -2*k - 212, -5*j - 267 = -k - 43. Let a = j + 89. Let z = -24 + a. List the prime factors of z.
3, 7
Let d = -66 - -116. Let h be d/(-10)*396/(-10). Suppose -5*y = -5*u - 200, 0*y + 4*u = 5*y - h. List the prime factors of y.
2, 19
Suppose -7*b = -3*b - 40. What are the prime factors of 12*(-609)/(-70) - (-6)/b?
3, 5, 7
Suppose -25 = -4*h + 5*v, -2*v + v = 5*h + 5. Suppose 32 = t - 3*k, -4*t + h*k - 2*k = -198. List the prime factors of t.
47
Let n = 225 + 186. List the prime factors of n.
3, 137
Suppose 2*i + 34 = 3*r, -2*r = r - 6. Let n be i/49 + 46/14. Suppose -41 = -n*a + 64. What are the prime factors of a?
5, 7
Let o(p) = 2*p**2 - 4*p + 3. Let b be o(6). Let z = b + -43. What are the prime factors of z?
2
Let u(a) = 6*a - 9. Let m be u(2). What are the prime factors of (m + (-4)/(-2))/1?
5
Let m = 743 + -332. Suppose -4*d = -7*d + m. List the prime factors of d.
137
Let v = 296 - 184. Let s = 176 - v. What are the prime factors of s?
2
Let r(p) be the second derivative of -35*p**3/6 - 3*p**2/2 - 16*p. List the prime factors of r(-2).
67
Let m(j) = 5*j**2 + 23*j - 96. List the prime factors of m(19).
2, 29, 37
Suppose 22 = 4*y + 114. Let s = y - -60. Suppose 5*a - s = -3*u, -30 = -2*a - 2*a - 2*u. What are the prime factors of a?
2
Suppose 4*j - 5*o + 4 = 0, -o = 4*j - 2*o - 12. Suppose 3*v - 15 = 3*x, v - j*x = 12 - 4. Suppose -v*l + 50 = l. List the prime factors of l.
2, 5
What are the prime factors of (-26023)/(-7) + (-549)/(-1281)?
2, 11, 13
Let z(i) = -3*i + 32. Let w be z(9). Suppose -2*t + 696 = 3*o + 249, -w*o + 745 = 2*t. List the prime factors of o.
149
Let i(c) = -c**2 - 14*c - 13. Suppose -3*k + 2*w - 24 = 0, -5*k - 4*w = -3*w + 53. Let a be i(k). What are the prime factors of a/1 - 14/(-7)?
29
Let a(d) = -7*d - 5. Suppose x - 3*x = -6. Let p be -2 - (9/x + -1). List the prime factors of a(p).
23
Let v(k) = -86*k**3 + 2*k**2 - 3*k + 1. List the prime factors of v(-2).
19, 37
Suppose -4*o = 3*g - 